{"id":62,"date":"2022-07-16T12:28:50","date_gmt":"2022-07-16T12:28:50","guid":{"rendered":"https:\/\/secretlines.net\/?page_id=62"},"modified":"2022-07-16T12:28:50","modified_gmt":"2022-07-16T12:28:50","slug":"pentuja-tulossa-saatavilla","status":"publish","type":"page","link":"https:\/\/secretlines.net\/index.php\/pentuja-tulossa-saatavilla\/","title":{"rendered":"Pentuja tulossa\/saatavilla"},"content":{"rendered":"\n<p>Valitettavasti meill\u00e4 ei ole pentuja t\u00e4ll\u00e4 hetkell\u00e4. Seuraava pentue suunnittelilla syksyksi 2022. Ota yhteytt\u00e4, niin voimme mietti\u00e4, ett\u00e4 l\u00f6ytyisik\u00f6 Sinulle sopiva oma ryppyrulla!<\/p>\n\n\n\n<figure class=\"wp-block-image size-full\"><img loading=\"lazy\" decoding=\"async\" width=\"500\" height=\"333\" src=\"https:\/\/secretlines.net\/wp-content\/uploads\/2022\/07\/Valkeala_080315_brace1.jpg\" alt=\"\" class=\"wp-image-91\" srcset=\"https:\/\/secretlines.net\/wp-content\/uploads\/2022\/07\/Valkeala_080315_brace1.jpg 500w, https:\/\/secretlines.net\/wp-content\/uploads\/2022\/07\/Valkeala_080315_brace1-300x200.jpg 300w\" sizes=\"auto, (max-width: 500px) 100vw, 500px\" \/><\/figure>\n","protected":false},"excerpt":{"rendered":"<p>Valitettavasti meill\u00e4 ei ole pentuja t\u00e4ll\u00e4 hetkell\u00e4. Seuraava pentue suunnittelilla syksyksi 2022. Ota yhteytt\u00e4, niin voimme mietti\u00e4, ett\u00e4 l\u00f6ytyisik\u00f6 Sinulle sopiva oma ryppyrulla!<\/p>\n","protected":false},"author":1,"featured_media":0,"parent":0,"menu_order":0,"comment_status":"closed","ping_status":"closed","template":"","meta":{"footnotes":""},"class_list":["post-62","page","type-page","status-publish","hentry"],"_links":{"self":[{"href":"https:\/\/secretlines.net\/index.php\/wp-json\/wp\/v2\/pages\/62","targetHints":{"allow":["GET"]}}],"collection":[{"href":"https:\/\/secretlines.net\/index.php\/wp-json\/wp\/v2\/pages"}],"about":[{"href":"https:\/\/secretlines.net\/index.php\/wp-json\/wp\/v2\/types\/page"}],"author":[{"embeddable":true,"href":"https:\/\/secretlines.net\/index.php\/wp-json\/wp\/v2\/users\/1"}],"replies":[{"embeddable":true,"href":"https:\/\/secretlines.net\/index.php\/wp-json\/wp\/v2\/comments?post=62"}],"version-history":[{"count":3,"href":"https:\/\/secretlines.net\/index.php\/wp-json\/wp\/v2\/pages\/62\/revisions"}],"predecessor-version":[{"id":94,"href":"https:\/\/secretlines.net\/index.php\/wp-json\/wp\/v2\/pages\/62\/revisions\/94"}],"wp:attachment":[{"href":"https:\/\/secretlines.net\/index.php\/wp-json\/wp\/v2\/media?parent=62"}],"curies":[{"name":"wp","href":"https:\/\/api.w.org\/{rel}","templated":true}]}}