{"id":17,"date":"2022-07-15T11:39:38","date_gmt":"2022-07-15T11:39:38","guid":{"rendered":"https:\/\/secretlines.net\/?page_id=17"},"modified":"2022-07-16T12:05:51","modified_gmt":"2022-07-16T12:05:51","slug":"secret-lines","status":"publish","type":"page","link":"https:\/\/secretlines.net\/index.php\/secret-lines\/","title":{"rendered":"Secret Line\u00b4s"},"content":{"rendered":"\n<p>Pienimuotoista kotikasvatusta vuodesta 1986.<\/p>\n\n\n\n<div class=\"wp-block-columns is-layout-flex wp-container-core-columns-is-layout-28f84493 wp-block-columns-is-layout-flex\">\n<div class=\"wp-block-column is-layout-flow wp-block-column-is-layout-flow\" style=\"flex-basis:100%\"><\/div>\n<\/div>\n\n\n\n<div class=\"wp-block-columns is-layout-flex wp-container-core-columns-is-layout-28f84493 wp-block-columns-is-layout-flex\">\n<div class=\"wp-block-column is-layout-flow wp-block-column-is-layout-flow\">\n<figure class=\"wp-block-image size-full\"><img loading=\"lazy\" decoding=\"async\" width=\"199\" height=\"190\" src=\"https:\/\/secretlines.net\/wp-content\/uploads\/2022\/07\/iitu2.jpg\" alt=\"\" class=\"wp-image-65\"\/><figcaption>Ervin&#8217;s Happy House Zasmin &#8221;Iitu&#8221;, <br>Secret Line&#8217;s shar peiden kantanarttu<\/figcaption><\/figure>\n<\/div>\n\n\n\n<div class=\"wp-block-column is-layout-flow wp-block-column-is-layout-flow\">\n<figure class=\"wp-block-image size-full\"><img loading=\"lazy\" decoding=\"async\" width=\"834\" height=\"778\" src=\"https:\/\/secretlines.net\/wp-content\/uploads\/2022\/07\/iitumakaa2.jpg\" alt=\"\" class=\"wp-image-66\" srcset=\"https:\/\/secretlines.net\/wp-content\/uploads\/2022\/07\/iitumakaa2.jpg 834w, https:\/\/secretlines.net\/wp-content\/uploads\/2022\/07\/iitumakaa2-300x280.jpg 300w, https:\/\/secretlines.net\/wp-content\/uploads\/2022\/07\/iitumakaa2-768x716.jpg 768w\" sizes=\"auto, (max-width: 834px) 100vw, 834px\" \/><figcaption>Ervin&#8217;s Happy House Zasmin &#8221;Iitu&#8221;<\/figcaption><\/figure>\n<\/div>\n<\/div>\n\n\n\n<p>Secret Line&#8217;s kennelin shar pei kasvatus on alkanut vuonna 2003. Ensimm\u00e4inen shar peini oli tuonti Virosta, kansainv\u00e4linen muotovalio Ervi&#8217;s Happy House Zasmin &#8221;Iitu&#8221; joka oli syntynyt 20.11.2000.<\/p>\n\n\n\n<p>Kasvatuksessani minulle on todella t\u00e4rke\u00e4\u00e4 rodunomainen ulkomuoto terveytt\u00e4 unohtamatta. Kasvattini ovat niitt\u00e4neet mainetta niin kotimaassa kuin ulkomailla. Secret Line&#8217;s Suomen muotovalioita on yli 50. Kasvateillani on lukuisia voittajatitteleit\u00e4, ryhm\u00e4voittoja sek\u00e4 sijoituksia sek\u00e4 lis\u00e4ksi kasvattajaluokkani ovat sijoittuneet usein Best In Show kehiss\u00e4. <\/p>\n\n\n\n<p>Ensimm\u00e4isest\u00e4 pentueestani kotonani asui legendaarinen kasvattini uros Ruttu, Secret Line&#8217;s Deng Xiao Ping. Ruttu oli rotunsa paras mm. Helsingin Euroopan voittajan\u00e4yttelyss\u00e4 2006 ja samaisena vuonna Maailman Voittaja n\u00e4yttelyss\u00e4 paras uros 2. Tuohon aikaan shar peit\u00e4 oli todella paljon arvon\u00e4yttelyiss\u00e4 Helsingiss\u00e4 l\u00e4hes 70 ja Poznanissa pelkki\u00e4 uroksia l\u00e4hes 80. Ruttu eli terveen el\u00e4m\u00e4n l\u00e4hes 14 vuotiaaksi. Kilpaili viel\u00e4 13 vuotiaana n\u00e4yttelykehiss\u00e4. <\/p>\n\n\n\n<figure class=\"wp-block-image size-full\"><img loading=\"lazy\" decoding=\"async\" width=\"446\" height=\"625\" src=\"https:\/\/secretlines.net\/wp-content\/uploads\/2022\/07\/EUW062.jpg\" alt=\"\" class=\"wp-image-73\" srcset=\"https:\/\/secretlines.net\/wp-content\/uploads\/2022\/07\/EUW062.jpg 446w, https:\/\/secretlines.net\/wp-content\/uploads\/2022\/07\/EUW062-214x300.jpg 214w\" sizes=\"auto, (max-width: 446px) 100vw, 446px\" \/><figcaption>Shar pei legenda Secret Line&#8217;s Deng Xiao Ping, Ruttu The King<\/figcaption><\/figure>\n\n\n\n<p>Kotona minulla on 4 shar peit\u00e4, alle vuoden ik\u00e4inen Hupi (Secret Line&#8217;s Burn Baby Burn), Eva 2 vuotta (Arkana Imperii Korolevskaya Dohc, Ven\u00e4j\u00e4n tuonti) sek\u00e4 ihanat veteraanit Olga (Secret Line&#8217;s Rock Hard Ride Free) l\u00e4hes 10 vuotta sek\u00e4 Hilla (Secret Line&#8217;s Huff&#8217;N&#8217;Puff) l\u00e4hes 9 vuotta. <\/p>\n\n\n\n<p>Shar pei pentumme kasvavat perheen keskell\u00e4 tottuen perheen normaaliin el\u00e4m\u00e4\u00e4n. Lis\u00e4ksi pentumme ulkoilevat jo aivan pienest\u00e4 l\u00e4htien, joten pennut ovat l\u00e4hes sis\u00e4siistej\u00e4 luovutettaessa. Pennut l\u00e4htev\u00e4t uusiin koteihinsa rekister\u00f6ityin\u00e4, el\u00e4inl\u00e4\u00e4k\u00e4rin tarkastamina, useasti madotettuina sek\u00e4 rakkaudella hoivattuina. J\u00e4rjest\u00e4mme pentutreffej\u00e4 kasvateillemme. Kasvattajan tuki on mukana pennun el\u00e4m\u00e4ss\u00e4 24\/7. Pennut l\u00e4htev\u00e4t meilt\u00e4 ensisijaisesti perhekoiriksi, mutta toivon lupaavien kasvattieni k\u00e4yv\u00e4n n\u00e4yttelyiss\u00e4 edes muutaman kerran. Toki monelle on n\u00e4yttelyist\u00e4 tullut ihana harrastus ja useammasta kasvatistani on tullut muiden kenneleiden kantanarttuja. Niin n\u00e4yttelyharrastuksessa kuin kasvatuksessa sek\u00e4 arjessa pyrin olemaan 100 %:sti kasvatinomistajieni tukena. <\/p>\n\n\n\n<p>Vuosien varrella olen tuonut useita shar peit\u00e4 mm. Liettuasta, Virosta, Ven\u00e4j\u00e4lt\u00e4 ja Ruotsista. Lis\u00e4ksi olen k\u00e4ynyt astuttamassa koiriani ulkomailla. Secret Line&#8217;s shar peit\u00e4 on viety mm. Italiaan, Norjaan, Viroon ja Ven\u00e4j\u00e4lle. <\/p>\n\n\n\n<p><\/p>\n","protected":false},"excerpt":{"rendered":"<p>Pienimuotoista kotikasvatusta vuodesta 1986. Secret Line&#8217;s kennelin shar pei kasvatus on alkanut vuonna 2003. Ensimm\u00e4inen shar peini oli tuonti Virosta, kansainv\u00e4linen muotovalio Ervi&#8217;s Happy House Zasmin &#8221;Iitu&#8221; joka oli syntynyt 20.11.2000. Kasvatuksessani minulle on todella t\u00e4rke\u00e4\u00e4 rodunomainen ulkomuoto terveytt\u00e4 unohtamatta. Kasvattini ovat niitt\u00e4neet mainetta niin kotimaassa kuin ulkomailla. Secret Line&#8217;s Suomen muotovalioita on yli 50. [&hellip;]<\/p>\n","protected":false},"author":1,"featured_media":0,"parent":0,"menu_order":0,"comment_status":"closed","ping_status":"closed","template":"page-no-separators","meta":{"footnotes":""},"class_list":["post-17","page","type-page","status-publish","hentry"],"_links":{"self":[{"href":"https:\/\/secretlines.net\/index.php\/wp-json\/wp\/v2\/pages\/17","targetHints":{"allow":["GET"]}}],"collection":[{"href":"https:\/\/secretlines.net\/index.php\/wp-json\/wp\/v2\/pages"}],"about":[{"href":"https:\/\/secretlines.net\/index.php\/wp-json\/wp\/v2\/types\/page"}],"author":[{"embeddable":true,"href":"https:\/\/secretlines.net\/index.php\/wp-json\/wp\/v2\/users\/1"}],"replies":[{"embeddable":true,"href":"https:\/\/secretlines.net\/index.php\/wp-json\/wp\/v2\/comments?post=17"}],"version-history":[{"count":13,"href":"https:\/\/secretlines.net\/index.php\/wp-json\/wp\/v2\/pages\/17\/revisions"}],"predecessor-version":[{"id":81,"href":"https:\/\/secretlines.net\/index.php\/wp-json\/wp\/v2\/pages\/17\/revisions\/81"}],"wp:attachment":[{"href":"https:\/\/secretlines.net\/index.php\/wp-json\/wp\/v2\/media?parent=17"}],"curies":[{"name":"wp","href":"https:\/\/api.w.org\/{rel}","templated":true}]}}